-287 + 308. What is the remainder when 60 is divided by x?
18
Let x be ((-973)/21 - -7)/((-2)/24). What is the remainder when (1 - x)*((-32)/8)/12 is divided by 32?
29
Let b(z) = z**3 + 4*z**2 + 6*z + 1. Let j be b(-5). Suppose -15 = -3*q + 12. What is the remainder when q is divided by 2/8 + j/(-8)?
2
Let k(q) = -2*q**2 - 16*q + 116. Let m be k(5). What is the remainder when 33/22*(0 - m) is divided by 54/7 + 2/7?
5
Let r(d) = -d + 17. Let o(q) = q**3 - 2*q**2 - 6*q + 1. Let y be -1 - 1 - 6/(-1). Let v be o(y). Calculate the remainder when 13 is divided by r(v).
5
Suppose -8823 = -55*t + 6027. Calculate the remainder when t is divided by 23.
17
Suppose 0 = -v - 0*v + 9. Suppose -2*b = 3*j - 78, 7*j - 4*j = -6. What is the remainder when b is divided by v?
6
Let c = -152 + 51. Let m = 141 + c. What is the remainder when m is divided by 14?
12
Let i(d) = 68*d - 6. What is the remainder when i(2) is divided by 16?
2
Let s(y) = y**2 - 2*y - 3. Suppose 2*h - 4*h = -8. Let g be s(h). Let c(f) = -f**3 + 5*f**2 + 2*f. Calculate the remainder when 37 is divided by c(g).
7
What is the remainder when ((-165)/(-9))/(2/24) is divided by 47?
32
Let t be 8/(-6) + 160/48. Suppose -24 = -0*j - t*j. Suppose -2*s + 184 = 2*s. Calculate the remainder when s is divided by j.
10
Suppose 2*i = -o + 108, -6*i - o = -i - 276. Let z = i - 43. Calculate the remainder when z is divided by 7.
6
Suppose d = -0*d + 2*g + 445, 4*d = -2*g + 1740. Suppose 0 = 3*b - 6, d = 5*x - 4*b - 0*b. Calculate the remainder when x is divided by 23.
20
Let k = 97 + -95. Suppose k*x - 68 = -0*x. Calculate the remainder when 4/(-6) + 610/6 is divided by x.
33
Let o = 253 + -227. What is the remainder when 85 is divided by o?
7
Let w(h) = -h**2 + 24*h - 77. Calculate the remainder when w(16) is divided by 11.
7
Let l(i) = 2*i + 5. Let z be l(0). Suppose 5*m + z*f - 445 = 0, 2*m - 7*m = -5*f - 475. Calculate the remainder when m is divided by 24.
20
Let n = -29 + 38. Let l(d) = -5*d + 59. Calculate the remainder when 52 is divided by l(n).
10
Suppose -3*p = o - 14, 3*p = -3*o + 14 + 10. Suppose o*c - 23 = 2. Suppose -1 = c*w - 6, 2*a = 3*w + 9. What is the remainder when a is divided by 2?
0
Let k = -958 + 1003. What is the remainder when 150 is divided by k?
15
Let l(r) = 5*r - 9. Let z be l(3). Let a = -10 - -21. What is the remainder when (-699)/(-33) - z/33 is divided by a?
10
Let g(p) = 2*p + 9. Let h be g(0). Suppose -h*s + 77 = -67. Let a(r) = r**2 - 4*r. Calculate the remainder when a(-5) is divided by s.
13
Suppose 56*v - 168 = 48*v. What is the remainder when 335 is divided by v?
20
Let z = 1674 + -1054. Suppose -10*y = -0*y - z. What is the remainder when y is divided by 21?
20
Let d(j) = j**2 - 2*j + 4. Let l be d(-9). Let q = -22 + l. Let n = 47 + -26. What is the remainder when q is divided by n?
18
Suppose 37*n - 5*f + 51 = 40*n, 0 = 5*n + 5*f - 75. Calculate the remainder when 56 is divided by n.
8
Let q be 1265/(-33) - 2/(-6). Let a be q/(-3) + 2/(-3). Let f = a - 5. Calculate the remainder when 13 is divided by f.
6
Let o(r) = 15*r - 355. What is the remainder when 35 is divided by o(24)?
0
Let y = -86 + 90. Suppose -y*t = 4, -4*o + 0*o - 3*t = -201. What is the remainder when 151 is divided by o?
49
Let p = 110 - 55. Calculate the remainder when 163 is divided by p.
53
Let v = 521 - 509. Calculate the remainder when 1593 is divided by v.
9
Suppose 0 = 153*d - 148*d - 35. What is the remainder when d is divided by 3?
1
Suppose -6*l = -l. Suppose k - 25 + 13 = l. Calculate the remainder when k is divided by 7.
5
Let z(j) = 2*j**2 - 3*j + 9. Let l(d) = 2*d + 2. Let g be l(1). Let a be 3/1 + g/4. What is the remainder when z(a) is divided by 16?
13
Suppose -b + 11 = 3*q, -q + 5 = b + 2. Calculate the remainder when 114 is divided by 55/q + 42/(-56).
10
Let a(c) be the second derivative of c**5/20 + 11*c**4/12 + 5*c**3/6 - 11*c**2/2 + 10*c. Calculate the remainder when a(-10) is divided by 21.
18
Suppose -18*f + 102 - 66 = 0. Calculate the remainder when 120 is divided by f.
0
Let o = -109 - -60. Let u be 21/o - (-109)/(-7). Let i = u + 26. Calculate the remainder when i is divided by 4.
2
Suppose 276 = -5*s + 41. Let t = 23 + s. Let r = -2 - t. What is the remainder when r is divided by 6?
4
Let m(n) = -n**2 - 9*n + 2. Let i be m(-10). Let p be 99/(-22)*i/3. Suppose -3*h = 4*q - 9, h - 2*q = -3*h + p. What is the remainder when 9 is divided by h?
0
Suppose -4*f + 3*w = -88, -44 = -2*f - w - 2*w. Let i = f + -12. Suppose 2*d - 6*d = -112. Calculate the remainder when d is divided by i.
8
Let q(a) = -a**3 + 13*a**2 - 9*a - 26. Suppose -4*l + 3*z = l - 107, -4*l = 4*z - 60. Calculate the remainder when l is divided by q(12).
9
Let j(g) = -g**3 + 4*g**2 + 13*g - 18. Calculate the remainder when 29 is divided by j(5).
7
Let p be 4/(-18) - 20/135*-15. Suppose p*s + 17 = v, 3*v + 2*v - s = 85. What is the remainder when v is divided by (5 + 1)*(-2)/(-2)?
5
Let c = -78 - -40. Let s = 71 + c. What is the remainder when s is divided by 9?
6
Let f(r) = r**2 + 5*r - 2. Let b be f(-4). Calculate the remainder when 4 is divided by (-9)/b - (-4)/8.
0
Suppose 66*b - 50*b = 512. What is the remainder when 89 is divided by b?
25
Let v(w) = 4*w + 30. What is the remainder when 22 is divided by v(-4)?
8
Suppose -362 = -3*b - p, b + 2*p - 115 = 4. Suppose 2*w = w + b. Calculate the remainder when w is divided by 31.
28
Let n = 21 - 26. Let w = n - -16. What is the remainder when w is divided by ((-3)/(-6))/((-4)/(-48))?
5
Suppose -850 = -4*v - 3*t, 4*v - 3*v - 5*t = 201. Let d = 331 - v. Let h = d - 83. Calculate the remainder when h is divided by 10.
7
Let i = -16 + 29. Calculate the remainder when 89 is divided by i.
11
Suppose -18*w + 196 = -11*w. Let k = w - -23. What is the remainder when k is divided by 18?
15
Let n = 925 - 906. Calculate the remainder when 192 is divided by n.
2
Calculate the remainder when (-54)/(-21)*(-14)/(-6) is divided by 3.
0
Let l(t) = t**3 + 11*t**2 - 14*t - 14. Let k be 2/13 + (-870)/78. Let p be l(k). Suppose -4*a = -0*a - p. Calculate the remainder when a is divided by 12.
11
Let x(u) = 0*u**2 + 4 + 4*u**2 + 4*u - 3*u**2. Let z be x(-4). Calculate the remainder when 12 is divided by -1*z/(12/(-15)).
2
Suppose 3*v = -2*i - i + 15, 23 = 4*i + 5*v. Suppose -i*b - 266 = -5*y, 4*b - 7*b + 6 = 0. What is the remainder when y is divided by 14?
12
Calculate the remainder when 24 is divided by ((-18)/(-4))/(2/4).
6
Let d(a) = -7*a + 1. Let h be d(-1). Let n = h - 10. Calculate the remainder when (-2)/(-2)*(n - -28) is divided by 14.
12
Calculate the remainder when 16/6*18/((-4)/(-2)) is divided by 6.
0
Suppose -4*w = 3*z, 23 = -3*z + 5*z - 5*w. Suppose v + 72 = 2*y, 4*y - 86 = y - z*v. Let d = -25 + y. Calculate the remainder when d is divided by 5.
4
Suppose 6 + 49 = 5*p. Let r be (-1 - (4 - p)) + -2. Calculate the remainder when (36/10)/(r/10) is divided by 4.
1
Let o(q) = -2*q**3 + 21*q**2 - 6*q - 37. Suppose i + 4 + 13 = 5*f, 2*f + 5*i = 23. Calculate the remainder when f is divided by o(10).
1
Suppose -5*p - 4*m = -177, -m = -0*m + 2. Let j = -46 + 59. What is the remainder when p is divided by j?
11
Let u = 234 - -1. Suppose f = -4*f + u. Suppose -5*z + 61 + 64 = 0. Calculate the remainder when f is divided by z.
22
Let l = -22 + 55. Suppose -5*k + l = -32. Calculate the remainder when (-25)/(-1 - (-3)/6) is divided by k.
11
Let r(q) = 2*q**2 + 3*q + 3. Let z be (3 - (-3)/8*-4)*-2. Calculate the remainder when 82 is divided by r(z).
10
Let c(r) = r + 8. What is the remainder when 4/18 + 34/9 is divided by c(-6)?
0
Let a(b) = 5*b - 6. What is the remainder when (1 + (-275)/35)/(2/(-7)) is divided by a(4)?
10
Suppose -y = 1 - 5. Calculate the remainder when 156/8*(y - 2) is divided by (-184)/(-18) - (-4)/(-18).
9
Let o = -19 - -31. Let y(x) = -x**2 + 28*x - 17. Calculate the remainder when y(26) is divided by o.
11
Let w(h) = -h**3 + h**2 - h + 33. Let q be (-4 + 4)/(-1 + -1). Suppose -s + 0*s + 4 = 4*p, q = 5*p - s + 4. What is the remainder when w(p) is divided by 18?
15
Suppose -7*a + 72 = -3*a. Let f = 22 - a. Suppose -t = t - f. Calculate the remainder when t is divided by 2.
0
Let m be (10/25 - (-48)/(-70))*-14. Suppose -183 - 249 = -m*b. Calculate the remai